-121. What is the tens digit of u?
5
Let l(s) = -21*s - 72. Let n(u) = -22*u - 73. Let m(z) = 6*l(z) - 5*n(z). What is the tens digit of m(-22)?
8
Suppose -59*m - 336 = -63*m. What is the tens digit of m?
8
Let v(m) = m + 4. Let n be v(-5). Let a(h) = -263*h + 208*h - 6 + 5. What is the units digit of a(n)?
4
Let b(m) = m**3 + m. Let a(c) = -5*c**2 + 12*c + 6. Let x(y) = -a(y) + b(y). What is the tens digit of x(-4)?
5
Let r(w) = -w**2 + 26*w + 9. Let h(t) = t**2 - 26*t - 9. Let d(n) = -3*h(n) - 2*r(n). What is the tens digit of d(22)?
9
Let w(n) = -3*n**3 + 2*n**2 + 3*n + 25. What is the hundreds digit of w(-8)?
6
Suppose 44 = -3*s - 46. Let j = 126 + s. What is the units digit of j?
6
Suppose 0 = -2*x - 19 + 21. Let q be ((-5)/(10/(-6)))/x. Suppose q*h = h + 22. What is the tens digit of h?
1
Let d(z) = -12*z + 7*z**2 + 0*z**3 + z**3 - 137 + 133. What is the tens digit of d(-7)?
8
Suppose 53 = 3*q + 5*s, 4*q + s + s = 80. Let h = -2 + q. What is the tens digit of h?
1
Suppose 0 = i - 2*i - 92. What is the units digit of (i/6)/((-10)/45)?
9
Let c(y) = 15*y**2 - 97*y - 21. What is the hundreds digit of c(20)?
0
Suppose -3*j + 3120 = 7*j. Suppose l - q - q = j, -16 = -4*q. What is the hundreds digit of l?
3
Let n be (2 + -4 + 11)/(3/10). What is the tens digit of -2 + (n/(-45) - (-1048)/6)?
7
Suppose 3*l + 2*f + 1461 = 0, 450 = 5*l + f + 2878. Let h = -327 - l. What is the units digit of h?
8
Let w be 764/(-36) - 6/(-27). Let m = w + 121. What is the tens digit of m?
0
Let r(v) = -v**3 - v**2 + 1. Let j(a) = -7*a**3 - a**2 - 6*a + 11. Let n(f) = -j(f) + 6*r(f). Suppose 5*t - 3*t = 10. What is the units digit of n(t)?
5
Let k = -108 + 110. Suppose 8 = 4*t - 0, k*q - 2*t = 222. What is the hundreds digit of q?
1
Let s(w) = w**2 + 6*w + 69. What is the hundreds digit of s(15)?
3
Suppose 250*g = 245*g + 2215. What is the tens digit of g?
4
What is the tens digit of (-1)/(((-4)/(-380))/(-1))?
9
Suppose -x + 1 = -3. Suppose 4*u + l = x*l + 849, -2*u - l = -437. What is the units digit of u?
6
Let k = -26 - -15. What is the units digit of ((-1)/2)/((k/(-12))/(-11))?
6
Let f(y) be the second derivative of 0 + 0*y**2 - 1/6*y**3 + 6*y + 3/4*y**4. What is the tens digit of f(2)?
3
Let i(g) = g**2 + 7*g - 17. Let j be 17/6 - 1/(-6). Suppose 6*t + j*d = t + 40, 0 = -3*t - d + 20. What is the tens digit of i(t)?
4
Suppose -m = 2*x + 88, 2*m - 397 = 6*m - x. What is the units digit of (-9)/(-6)*m/(-3)?
9
What is the hundreds digit of (664 - 3/((-12)/8)) + 2?
6
Let a(r) = 13*r + 7. Suppose -50 = 15*v - 25*v. What is the tens digit of a(v)?
7
Let l(c) = c**2 - 14*c + 13. Let g be l(13). Suppose -k = -g*k - 22. Let i = 85 - k. What is the units digit of i?
3
Let q be (0*4/8)/(-2). Suppose 5*g + 25 = q, 5*g = j + 3*j + 23. Let o = 39 + j. What is the tens digit of o?
2
Suppose 0 = -4*x + 4*l + 180, 17 = -2*x + l + 107. What is the tens digit of x?
4
Let v be 4/(-12) + 104/(-12). Let n = 56 - v. What is the units digit of n?
5
Let s(o) = 8*o**2 - 89*o + 31. What is the tens digit of s(16)?
5
Suppose 6*b = 4*b + 16. Suppose 0 = b*w - 10*w. Suppose -4*k + 290 = -3*t, 0 = 4*k - w*t + 3*t - 278. What is the units digit of k?
1
Suppose -x = -2*x + 4*n + 235, -2*x + 452 = -2*n. What is the hundreds digit of x?
2
Let p(d) = d**3 - 26*d**2 - 62*d - 52. What is the tens digit of p(29)?
7
Let p be 18/4*(-8)/(-12). Suppose -p = -v + 46. What is the units digit of v?
9
Suppose -4*y = -o - 2210, 10 = 5*o - 10*o. What is the hundreds digit of y?
5
Suppose 7*u - 7736 = -1807. What is the tens digit of u?
4
Let l be (-3)/(-3 - (2 + -6)). Let n(y) = 21*y**2 - 3*y - 19. What is the units digit of n(l)?
9
Let k(h) = -2065 + 2055 - 3*h + 3*h**2 - h. What is the tens digit of k(5)?
4
Suppose 5*w - 2*w - 192 = 3*o, -o + 180 = 3*w. Let s = w + -55. What is the units digit of s?
6
Suppose 0 = 2*s - 59 - 109. What is the tens digit of s/(-60)*(-2)/7*185?
7
Let m(z) = z**3 - 11*z**2 + 6*z + 14. Let c be (-2 + 12/(-16))/(2/(-8)). What is the tens digit of m(c)?
8
Let i(w) = -w**2 + 59*w + 104. What is the units digit of i(47)?
8
Let x be 6/4 + 9/6. Suppose -x*w - 2 + 0 = 2*g, -18 = w + 5*g. Suppose -5*p - w*z - z + 105 = 0, -3*p - 2*z = -64. What is the units digit of p?
8
Let v(w) = w**3 - 12*w**2 - 54*w - 29. What is the units digit of v(17)?
8
Suppose 0 = h + 3 - 2. Let g be -27 - (-1 + h)*1. What is the tens digit of 1 - 3 - -2 - g?
2
Let d(t) = t**3 + 8*t**2 - 7*t + 2. Let m be d(-9). Suppose 2*l + 2*l + 144 = 0. Let u = m - l. What is the units digit of u?
0
Let j = 33 - 72. Let s = j + 135. What is the units digit of s?
6
Let r(w) = -w**3 - 6*w**2 + 2*w - 4. Let g be r(-5). Let h = 70 + g. What is the units digit of h?
1
Suppose c - 120 = -5*b + 117, 3*b - 5*c = 159. Let t = -12 + b. What is the tens digit of t?
3
Suppose 4281 = 2*n - 5*u, -23*u + 21*u - 4290 = -2*n. What is the thousands digit of n?
2
Suppose 5*z - 18 = -2*g + 3*z, -4*z - 4 = 0. Suppose -3*n + 4*k + 7 = 5*k, 0 = 4*n + k - g. What is the units digit of n?
3
Suppose -2*d = -662 - 176. Suppose d = 3*g - 106. What is the units digit of g?
5
Suppose -6*m + 7*m - 22 = 0. What is the units digit of 2072/m + 18/(-99)?
4
Let c = -57 - -316. What is the hundreds digit of c?
2
Let r(l) = 8 - 9*l + 5*l + 7*l. What is the units digit of r(10)?
8
Let v(q) = -16*q + 1. Let s be v(-6). Suppose -y - 14 = -2*y - 5*d, 0 = 5*y - 2*d - s. Let z = y - 1. What is the tens digit of z?
1
Suppose -22 = d - 4*f - 54, 64 = 2*d - 5*f. Suppose m + m = d. Let z = -5 + m. What is the tens digit of z?
1
Suppose z + 2*y = 764, 3*y + 438 = z - 306. Suppose 2*j + z = 4*c - j, -3*j - 12 = 0. What is the units digit of c?
6
Let j(s) = 10*s**2 + 40*s - 24. What is the thousands digit of j(16)?
3
Suppose 324 = -17*g - g. Let p = 15 + 21. Let i = p + g. What is the tens digit of i?
1
Suppose 2*n + 10 = 0, 2*n = 5*w - 2*n - 20. Suppose 11*g - 86 - 90 = w. What is the units digit of g?
6
Let i(o) = -56*o - 16. Let g be i(-10). Suppose -3*y - s - 1333 = -8*y, g = 2*y + 5*s. What is the units digit of y?
7
Suppose 17 = -p + 38. Suppose 0*o = -2*o + 120. Suppose -3*j = p - o. What is the units digit of j?
3
Suppose -15 - 1 = 4*j, 5*k = 4*j - 389. What is the tens digit of k*1/(-3)*1?
2
Suppose 60 = -2*x + t, t = -x + 6*t - 48. Let j be (-24)/x*28/8. Suppose -11*i + j*i = -64. What is the units digit of i?
8
Suppose 0 = 3*g - 5*o - 24, 3*o - 32 = -2*g - 2*g. What is the units digit of 382/g - (-12)/48?
8
Suppose -3*n - 4*y = -148, -236 = -5*n + 2*y + 2*y. Let a = n - -101. What is the hundreds digit of a?
1
Let p = -42 - -219. Suppose k + 183 = x, -x - 4*k + p = 9. What is the hundreds digit of x?
1
Suppose 37554 = f + 32*f. What is the thousands digit of f?
1
What is the tens digit of 221 + -8 + -1 + 4?
1
What is the units digit of (16/4)/(-4)*-489?
9
What is the units digit of 70/(-56) - (-15765)/20?
7
Suppose 1116 = 2*c - 898. What is the hundreds digit of c?
0
Let k(c) = 2*c**3 - 13*c**2 - 2*c + 18. What is the hundreds digit of k(9)?
4
Let d(q) = q**3 + 15*q**2 + 2*q + 12. Let u be d(-12). Suppose 0*r = 5*r - 5*x - u, x + 2 = 0. What is the tens digit of r?
8
What is the tens digit of (13 - (-29940)/35) + 4/7?
6
Let f(o) = 3*o**2 + o + 6. Let v be f(7). Let s = -9 + v. What is the hundreds digit of s?
1
Suppose -2*n - 332 = c, -3*n + 0*n + c = 508. Let d = n + 243. What is the tens digit of d?
7
Let w(n) = -20*n**2 - 2*n**3 + 3 - 16 + 16*n - 17*n + n**3. What is the units digit of w(-20)?
7
Let l be 1/(((-6)/(-136))/(84/14)). Suppose -6*v = -440 - l. What is the units digit of v?
6
Suppose -5 = 3*b + 5*t + 4, -b = -5*t - 17. Suppose p + 0*p - 734 = b*f, 3*p - 3*f = 2199. What is the units digit of p/15 + (-1)/(-5)?
9
What is the units digit of 30*((-430)/(-25) - -5)?
6
Suppose z = -2157 + 6168. Suppose 19*h + 667 = z. What is the tens digit of h?
7
Let v(b) = 41*b**3 - 5*b**2 + 2*b + 6. What is the thousands digit of v(3)?
1
Let g be (-1702)/(-460) - 6/(-20). Let d = -26 + 40. Let f = d - g. What is the units digit of f?
0
Let u = 34 + -36. What is the units digit of (-2387)/(-33) + u/(-3)?
3
What is the thousands digit of ((36/(-5))/3)/((-48)/32480)?
1
Let s be (-1)/(-3 + 24/9). Suppose i - 156 = -s*i. What is the tens digit of i?
3
Let s be 404/5*3/(